{"id":205,"date":"2021-10-18T17:36:06","date_gmt":"2021-10-18T17:36:06","guid":{"rendered":"http:\/\/globalepika.site\/aadl\/?page_id=205"},"modified":"2025-04-09T12:32:38","modified_gmt":"2025-04-09T12:32:38","slug":"asociese","status":"publish","type":"page","link":"https:\/\/aadl.com.ar\/index.php\/asociese\/","title":{"rendered":"AADL Regional Buenos Aires"},"content":{"rendered":"\n<p id=\"internal-source-marker_0.6276362054049969\"><strong>FORMULARIO DE INSCRIPCI\u00d3N<\/strong><\/p>\n\n\n\n<p><\/p>\n\n\n<div class=\"wp-block-jetpack-contact-form is-layout-flex wp-container-jetpack-contact-form-is-layout-faa3ad1c wp-block-contact-form-is-layout-flex\"><a href=\"https:\/\/aadl.com.ar\/index.php\/asociese\/\" target=\"_blank\" rel=\"noopener noreferrer\">Env\u00eda un formulario.<\/a><\/div>\n\n\n<hr class=\"wp-block-separator has-css-opacity\"\/>\n\n\n\n<h2 class=\"wp-block-heading\" style=\"font-size:20px\">Categor\u00edas de socio y valores para el a\u00f1o 2025<\/h2>\n\n\n\n<ul style=\"font-size:16px\" class=\"wp-block-list\">\n<li>Profesional\/Particular$25000 por semestre<\/li>\n\n\n\n<li>Pago anual anticipado $40000<\/li>\n\n\n\n<li>Estudiantes (carreras de grado) $25000 anual<\/li>\n\n\n\n<li>Jubilado $25000 anual<\/li>\n\n\n\n<li>Empresas: Consultar<\/li>\n<\/ul>\n\n\n\n<hr class=\"wp-block-separator has-alpha-channel-opacity\"\/>\n\n\n\n<h3 class=\"wp-block-heading\"><strong>PAGO ELECTR\u00d3NICO<\/strong>:<\/h3>\n\n\n\n<p>Raz\u00f3n social: ASOCIACI\u00d3N ARGENTINA DE LUMINOTECNIA ASOCIACI\u00d3N CIVIL<br>CUIT: 30-71556799-3<br>Cuenta corriente N\u00ba: 331309417712085<br>Alias: AADL.MACRO<br>Banco Macro, suc. N\u00ba313- Cerro de las Rosas- C\u00f3rdoba<br>CBU 2850 3132 3009 4177 1208 51<\/p>\n\n\n\n<hr class=\"wp-block-separator has-css-opacity\"\/>\n\n\n\n<p><strong>\u00a1\u00a1\u00a1IMPORTANTE!!!!!<\/strong> <\/p>\n\n\n\n<p>RECUERDE ENVIAR AVISO O SCAN DEL RECIBO DE PAGO en el mail indicado abajo, con copia a Guillermo Valdettaro<\/p>\n\n\n\n<p><strong>Sede en Buenos Aires AADL digital:<\/strong> enviar comprobante a:<\/p>\n\n\n\n<p>Guillermo Valdettaro: <strong><a href=\"mailto:valdettaroguillermo@gmail.com\" target=\"_blank\" rel=\"noreferrer noopener\">valdettaroguillermo@gmail.com<\/a><\/strong>,&nbsp; con copia a&nbsp;&nbsp;<strong><a href=\"mailto:aadlba@aadl.com.ar\" target=\"_blank\" rel=\"noreferrer noopener\">aadlba@aadl.com.ar<\/a><\/strong><\/p>\n\n\n\n<p><strong>E-mail oficial:<\/strong> aadlba@aadl.com.ar<\/p>\n","protected":false},"excerpt":{"rendered":"<p>FORMULARIO DE INSCRIPCI\u00d3N Categor\u00edas de socio y valores para el a\u00f1o 2025 PAGO ELECTR\u00d3NICO: Raz\u00f3n social: ASOCIACI\u00d3N ARGENTINA DE LUMINOTECNIA ASOCIACI\u00d3N CIVILCUIT: 30-71556799-3Cuenta corriente N\u00ba:&hellip;<\/p>\n","protected":false},"author":1,"featured_media":0,"parent":0,"menu_order":2,"comment_status":"closed","ping_status":"closed","template":"","meta":{"footnotes":""},"class_list":["post-205","page","type-page","status-publish","hentry"],"aioseo_notices":[],"jetpack_sharing_enabled":true,"_links":{"self":[{"href":"https:\/\/aadl.com.ar\/index.php\/wp-json\/wp\/v2\/pages\/205","targetHints":{"allow":["GET"]}}],"collection":[{"href":"https:\/\/aadl.com.ar\/index.php\/wp-json\/wp\/v2\/pages"}],"about":[{"href":"https:\/\/aadl.com.ar\/index.php\/wp-json\/wp\/v2\/types\/page"}],"author":[{"embeddable":true,"href":"https:\/\/aadl.com.ar\/index.php\/wp-json\/wp\/v2\/users\/1"}],"replies":[{"embeddable":true,"href":"https:\/\/aadl.com.ar\/index.php\/wp-json\/wp\/v2\/comments?post=205"}],"version-history":[{"count":35,"href":"https:\/\/aadl.com.ar\/index.php\/wp-json\/wp\/v2\/pages\/205\/revisions"}],"predecessor-version":[{"id":2530,"href":"https:\/\/aadl.com.ar\/index.php\/wp-json\/wp\/v2\/pages\/205\/revisions\/2530"}],"wp:attachment":[{"href":"https:\/\/aadl.com.ar\/index.php\/wp-json\/wp\/v2\/media?parent=205"}],"curies":[{"name":"wp","href":"https:\/\/api.w.org\/{rel}","templated":true}]}}