{"id":212,"date":"2021-10-18T18:12:43","date_gmt":"2021-10-18T18:12:43","guid":{"rendered":"http:\/\/globalepika.site\/aadl\/?page_id=212"},"modified":"2021-10-18T18:27:50","modified_gmt":"2021-10-18T18:27:50","slug":"por-que-ser-socio","status":"publish","type":"page","link":"https:\/\/aadl.com.ar\/index.php\/por-que-ser-socio\/","title":{"rendered":"\u00bfPor qu\u00e9 ser socio de la AADL?"},"content":{"rendered":"\n<p>\u2013<strong>PARA PERTENECER<\/strong><\/p>\n\n\n\n<p>A una asociaci\u00f3n de individuos y empresas que forman parte del universo de la iluminaci\u00f3n, que tienen relaci\u00f3n directa e historia con todos los sectores de la visi\u00f3n en la Argentina y mantienen como meta La promoci\u00f3n y divulgaci\u00f3n del BUEN USO DE LA LUZ.<\/p>\n\n\n\n<p><strong>-PARTICIPAR<\/strong><\/p>\n\n\n\n<p>En todos los debates que se presentan sobre la evoluci\u00f3n de Fuentes, Luminarias, Equipos auxiliares y sistemas Dem\u00f3ticos de control que se realizan a nivel Nacional.<\/p>\n\n\n\n<p><strong>-BENEFICIARSE<\/strong><\/p>\n\n\n\n<p>Con la discusi\u00f3n de las problem\u00e1ticas comunes del negocio de la luz evitando individualismos, sectarismos y bloques ya que de la misma discusi\u00f3n participan todos los actores del negocio de la luz.<\/p>\n\n\n\n<p><strong>-ADQUIRIR CONOCIMIENTO<\/strong><\/p>\n\n\n\n<p>Para uno y para todos los relacionados, en los cursos que se brindan para los diferentes niveles, en las reuniones peri\u00f3dicas de la asociaci\u00f3n, en los desayunos de trabajo, en el natural fluir de informaci\u00f3n e intercambio entre Cient\u00edficos, T\u00e9cnicos, Asesores, Dise\u00f1adotes, Industriales, Comerciales, Electricistas.<\/p>\n\n\n\n<p><strong>-ESTAR REGISTRADO<\/strong><\/p>\n\n\n\n<p>En la base de datos de la asociaci\u00f3n, para que esto signifique que uno forma parte del universo de los actores de la luz en el medio.<\/p>\n\n\n\n<p>Por lo que la tarea de &nbsp;LA COMISION DIRECTIVA DE LA AADL es:<\/p>\n\n\n\n<ul class=\"wp-block-list\"><li>Promover Temas de discusi\u00f3n con todos los asociados a trav\u00e9s de Reuniones y foros.<\/li><li>Mantener la Necesidad de estar actualizando a Socios, Normas y reglas.<\/li><li>Fijar lugares y medios peri\u00f3dicos para el debate, divulgaci\u00f3n y acuerdo de los temas a tratar y regulaci\u00f3n de los mismos.<\/li><li>Formar, cuidar y promover la base de datos de Socios &nbsp;Individuales y Empresas, Actualiz\u00e1ndolo semestralmente, para que esto promueva los intereses de los mismos velando por sus buenos negocios &nbsp;siempre en forma af\u00edn con la honestidad y el buen oficio.<\/li><\/ul>\n","protected":false},"excerpt":{"rendered":"<p>\u2013PARA PERTENECER A una asociaci\u00f3n de individuos y empresas que forman parte del universo de la iluminaci\u00f3n, que tienen relaci\u00f3n directa e historia con todos&hellip;<\/p>\n","protected":false},"author":1,"featured_media":0,"parent":0,"menu_order":1,"comment_status":"closed","ping_status":"closed","template":"","meta":{"footnotes":""},"class_list":["post-212","page","type-page","status-publish","hentry"],"aioseo_notices":[],"jetpack_sharing_enabled":true,"_links":{"self":[{"href":"https:\/\/aadl.com.ar\/index.php\/wp-json\/wp\/v2\/pages\/212","targetHints":{"allow":["GET"]}}],"collection":[{"href":"https:\/\/aadl.com.ar\/index.php\/wp-json\/wp\/v2\/pages"}],"about":[{"href":"https:\/\/aadl.com.ar\/index.php\/wp-json\/wp\/v2\/types\/page"}],"author":[{"embeddable":true,"href":"https:\/\/aadl.com.ar\/index.php\/wp-json\/wp\/v2\/users\/1"}],"replies":[{"embeddable":true,"href":"https:\/\/aadl.com.ar\/index.php\/wp-json\/wp\/v2\/comments?post=212"}],"version-history":[{"count":2,"href":"https:\/\/aadl.com.ar\/index.php\/wp-json\/wp\/v2\/pages\/212\/revisions"}],"predecessor-version":[{"id":220,"href":"https:\/\/aadl.com.ar\/index.php\/wp-json\/wp\/v2\/pages\/212\/revisions\/220"}],"wp:attachment":[{"href":"https:\/\/aadl.com.ar\/index.php\/wp-json\/wp\/v2\/media?parent=212"}],"curies":[{"name":"wp","href":"https:\/\/api.w.org\/{rel}","templated":true}]}}